 highest common divisor of 23 and 621.
23
What is the highest common factor of 33 and 1177?
11
Calculate the greatest common divisor of 555 and 4107.
111
What is the greatest common factor of 237 and 1817?
79
Calculate the greatest common factor of 121 and 187.
11
What is the greatest common factor of 531 and 13629?
177
What is the highest common divisor of 30195 and 99?
99
What is the highest common factor of 1717 and 202?
101
What is the greatest common divisor of 1557 and 692?
173
Calculate the highest common divisor of 190 and 10.
10
What is the highest common factor of 50 and 470?
10
Calculate the highest common factor of 1184 and 60.
4
Calculate the highest common factor of 92950 and 275.
275
What is the greatest common divisor of 302 and 7097?
151
What is the greatest common factor of 114 and 12?
6
Calculate the highest common divisor of 245 and 560.
35
What is the highest common divisor of 40 and 980?
20
Calculate the greatest common factor of 31870 and 10.
10
What is the highest common factor of 266 and 13433?
133
Calculate the greatest common divisor of 9 and 603.
9
Calculate the highest common divisor of 540 and 26190.
270
Calculate the highest common divisor of 27852 and 132.
132
Calculate the greatest common divisor of 540 and 150.
30
Calculate the highest common divisor of 392 and 21.
7
Calculate the greatest common divisor of 119 and 544.
17
What is the highest common divisor of 5356 and 52?
52
Calculate the highest common divisor of 31 and 3379.
31
What is the highest common divisor of 21 and 154?
7
Calculate the greatest common factor of 185 and 592.
37
What is the greatest common factor of 105 and 135?
15
Calculate the highest common divisor of 12168 and 72.
72
Calculate the highest common factor of 12 and 4612.
4
Calculate the highest common divisor of 450 and 30.
30
What is the greatest common factor of 1300 and 60?
20
What is the greatest common factor of 15987 and 3?
3
Calculate the greatest common divisor of 164 and 22796.
164
Calculate the greatest common factor of 2107 and 49.
49
Calculate the greatest common divisor of 57 and 84417.
57
What is the greatest common divisor of 230 and 2576?
46
What is the greatest common factor of 273 and 5376?
21
What is the greatest common divisor of 30 and 1920?
30
Calculate the highest common factor of 550 and 66.
22
Calculate the greatest common factor of 130 and 10.
10
What is the greatest common divisor of 5 and 225?
5
What is the highest common factor of 189 and 84?
21
What is the highest common factor of 24 and 78?
6
What is the greatest common factor of 195 and 21?
3
Calculate the greatest common factor of 70 and 1890.
70
Calculate the greatest common divisor of 224 and 1750.
14
What is the greatest common factor of 2522 and 26?
26
What is the greatest common factor of 114 and 11514?
114
What is the greatest common divisor of 8 and 10?
2
Calculate the greatest common divisor of 12 and 108.
12
Calculate the highest common factor of 458 and 2061.
229
Calculate the highest common divisor of 28 and 14.
14
Calculate the greatest common factor of 3 and 75.
3
What is the highest common divisor of 6 and 390?
6
Calculate the highest common factor of 372 and 9114.
186
What is the highest common divisor of 28 and 266?
14
Calculate the greatest common divisor of 252 and 280.
28
What is the highest common factor of 1456 and 496?
16
What is the greatest common divisor of 232 and 174?
58
What is the highest common factor of 108 and 45?
9
Calculate the highest common factor of 154 and 11.
11
What is the greatest common divisor of 306 and 54?
18
Calculate the highest common divisor of 8 and 3656.
8
What is the greatest common divisor of 186 and 1054?
62
Calculate the greatest common divisor of 37 and 111.
37
What is the greatest common divisor of 1269 and 1457?
47
Calculate the greatest common divisor of 27 and 11412.
9
Calculate the highest common divisor of 120 and 560.
40
What is the highest common divisor of 140 and 8?
4
Calculate the greatest common factor of 180 and 48.
12
Calculate the greatest common factor of 6 and 174.
6
What is the greatest common divisor of 51 and 901?
17
Calculate the highest common divisor of 1854 and 412.
206
Calculate the highest common divisor of 210 and 6335.
35
Calculate the greatest common divisor of 848 and 22472.
424
What is the highest common factor of 110 and 50?
10
What is the greatest common factor of 490 and 10?
10
Calculate the greatest common divisor of 434 and 124.
62
What is the highest common factor of 12 and 19?
1
What is the highest common factor of 2865 and 30?
15
What is the greatest common divisor of 51848 and 8?
8
What is the greatest common divisor of 38 and 171?
19
Calculate the greatest common divisor of 391 and 17.
17
Calculate the greatest common factor of 94 and 60818.
94
What is the greatest common divisor of 110 and 44?
22
What is the greatest common factor of 1484 and 14?
14
What is the greatest common divisor of 98 and 147?
49
Calculate the highest common divisor of 70 and 385.
35
Calculate the highest common divisor of 28 and 756.
28
Calculate the greatest common divisor of 88 and 2816.
88
What is the greatest common factor of 17824 and 32?
32
What is the highest common factor of 1651 and 143?
13
Calculate the highest common factor of 19593 and 63.
63
Calculate the highest common factor of 179 and 19690.
179
Calculate the greatest common factor of 1358 and 56.
14
Calculate the greatest common factor of 660 and 4840.
220
Calculate the highest common factor of 8 and 204.
4
What is the greatest common divisor of 8 and 314?
2
What is the highest common factor of 4 and 3378?
2
What is the greatest common factor of 374 and 5049?
187
What is the greatest common divisor of 114 and 38?
38
Calculate the greatest common factor of 7098 and 126.
42
Calculate the greatest common factor of 762 and 78.
6
Calculate the greatest common factor of 90 and 50.
10
What is the highest common factor of 448 and 42?
14
What is the greatest common divisor of 10122 and 98?
14
What is the greatest common divisor of 2007 and 45?
9
Calculate the greatest common factor of 548 and 59458.
274
Calculate the highest common divisor of 112 and 176.
16
What is the highest common factor of 135 and 1395?
45
Calculate the greatest common factor of 59 and 3.
1
Calculate the greatest common divisor of 2896 and 905.
181
What is the highest common divisor of 1450 and 750?
50
Calculate the greatest common divisor of 38 and 304.
38
What is the highest common factor of 144 and 10096?
16
Calculate the highest common factor of 387 and 9761.
43
Calculate the greatest common divisor of 125 and 50.
25
What is the highest common factor of 402 and 222?
6
Calculate the greatest common factor of 1184 and 64.
32
Calculate the greatest common divisor of 29 and 82998.
29
What is the greatest common factor of 182 and 70?
14
Calculate the greatest common factor of 507 and 2847.
39
What is the highest common divisor of 352 and 11?
11
Calculate the highest common factor of 192 and 288.
96
Calculate the highest common divisor of 228 and 114.
114
Calculate the highest common factor of 319 and 44.
11
What is the greatest common divisor of 36 and 90?
18
Calculate the greatest common factor of 726 and 6.
6
Calculate the greatest common divisor of 16 and 72.
8
Calculate the highest common factor of 135 and 59805.
135
What is the greatest common divisor of 392 and 3724?
196
What is the greatest common divisor of 7216 and 440?
88
What is the greatest common factor of 6 and 1434?
6
What is the highest common factor of 1056 and 99?
33
Calculate the greatest common divisor of 6016 and 64.
64
Calculate the greatest common factor of 1836 and 108.
108
What is the greatest common divisor of 95 and 1045?
95
Calculate the greatest common divisor of 32 and 6.
2
Calculate the highest common divisor of 55 and 13838.
11
What is the highest common divisor of 224 and 148?
4
What is the greatest common divisor of 150 and 180?
30
What is the highest common factor of 5 and 2455?
5
What is the greatest common divisor of 93 and 341?
31
Calculate the highest common factor of 3443 and 121.
11
Calculate the greatest common factor of 84 and 168.
84
Calculate the greatest common factor of 30913 and 19.
19
Calculate the hi